{"id":908,"date":"2018-10-30T22:01:35","date_gmt":"2018-10-30T21:01:35","guid":{"rendered":"https:\/\/www.fernheiler-burkhard.ch\/anmelden\/?page_id=908"},"modified":"2018-10-31T15:39:51","modified_gmt":"2018-10-31T14:39:51","slug":"winteraktion-bezahlen-auswahl","status":"publish","type":"page","link":"https:\/\/www.fernheiler-burkhard.ch\/anmelden\/winteraktion-bezahlen-auswahl\/","title":{"rendered":"Danke f\u00fcr Ihre Best\u00e4tigung &#8211; Bitte jetzt Winteraktion-Fernhilfe noch bezahlen"},"content":{"rendered":"<h3>Vielen Dank f\u00fcr Ihre Anmeldung zur Winteraktion-Fernhilfe.<br \/>\nBitte f\u00fchren Sie jetzt noch die entsprechende Zahlung aus.<\/h3>\n<p>&nbsp;<\/p>\n<p>Schritt 1:<br \/>\nBitte w\u00e4hlen Sie, in welcher W\u00e4hrung Sie bezahlen m\u00f6chten:<\/p>\n<p><a href=\"https:\/\/www.fernheiler-burkhard.ch\/anmelden\/winteraktion-fernhilfe-in-euro-bezahlen\/\"><img loading=\"lazy\" decoding=\"async\" class=\"alignnone wp-image-100 size-full\" src=\"https:\/\/www.fernheiler-burkhard.ch\/anmelden\/wp-content\/uploads\/sites\/2\/2016\/03\/logo-euro-110x40pixel.jpg\" alt=\"logo-euro-110x40pixel\" width=\"110\" height=\"40\" \/><\/a><\/p>\n<p><span style=\"text-decoration: underline; color: #990000;\"><strong><a style=\"color: #990000; text-decoration: underline;\" href=\"https:\/\/www.fernheiler-burkhard.ch\/anmelden\/winteraktion-fernhilfe-in-euro-bezahlen\/\">Ich m\u00f6chte in \u20acuro bezahlen &#8211; Weiter&#8230;<\/a><\/strong><\/span><\/p>\n<p><a href=\"https:\/\/www.fernheiler-burkhard.ch\/anmelden\/winteraktion-fernhilfe-in-chf-bezahlen\/\"><img loading=\"lazy\" decoding=\"async\" class=\"alignnone wp-image-102 size-full\" src=\"https:\/\/www.fernheiler-burkhard.ch\/anmelden\/wp-content\/uploads\/sites\/2\/2016\/03\/logo-chf-110x40pixel.jpg\" alt=\"logo-chf-110x40pixel\" width=\"110\" height=\"40\" \/><\/a><\/p>\n<p><a href=\"https:\/\/www.fernheiler-burkhard.ch\/anmelden\/winteraktion-fernhilfe-in-chf-bezahlen\/\"><span style=\"text-decoration: underline;\"><strong><span style=\"color: #990000; text-decoration: underline;\">Ich m\u00f6chte in CHF (Schweizerfranken) bezahlen &#8211; Weiter&#8230;<\/span><\/strong><\/span><\/a><\/p>\n","protected":false},"excerpt":{"rendered":"<p>Vielen Dank f\u00fcr Ihre Anmeldung zur Winteraktion-Fernhilfe. Bitte f\u00fchren Sie jetzt noch die entsprechende Zahlung aus. &nbsp; Schritt 1: Bitte w\u00e4hlen Sie, in welcher W\u00e4hrung Sie bezahlen m\u00f6chten: Ich m\u00f6chte in \u20acuro bezahlen &#8211; Weiter&#8230; Ich m\u00f6chte in CHF (Schweizerfranken) bezahlen &#8211; Weiter&#8230;<\/p>\n","protected":false},"author":1,"featured_media":0,"parent":0,"menu_order":0,"comment_status":"closed","ping_status":"open","template":"tpl-full-width.php","meta":{"footnotes":""},"class_list":["post-908","page","type-page","status-publish","hentry"],"aioseo_notices":[],"_links":{"self":[{"href":"https:\/\/www.fernheiler-burkhard.ch\/anmelden\/wp-json\/wp\/v2\/pages\/908","targetHints":{"allow":["GET"]}}],"collection":[{"href":"https:\/\/www.fernheiler-burkhard.ch\/anmelden\/wp-json\/wp\/v2\/pages"}],"about":[{"href":"https:\/\/www.fernheiler-burkhard.ch\/anmelden\/wp-json\/wp\/v2\/types\/page"}],"author":[{"embeddable":true,"href":"https:\/\/www.fernheiler-burkhard.ch\/anmelden\/wp-json\/wp\/v2\/users\/1"}],"replies":[{"embeddable":true,"href":"https:\/\/www.fernheiler-burkhard.ch\/anmelden\/wp-json\/wp\/v2\/comments?post=908"}],"version-history":[{"count":3,"href":"https:\/\/www.fernheiler-burkhard.ch\/anmelden\/wp-json\/wp\/v2\/pages\/908\/revisions"}],"predecessor-version":[{"id":922,"href":"https:\/\/www.fernheiler-burkhard.ch\/anmelden\/wp-json\/wp\/v2\/pages\/908\/revisions\/922"}],"wp:attachment":[{"href":"https:\/\/www.fernheiler-burkhard.ch\/anmelden\/wp-json\/wp\/v2\/media?parent=908"}],"curies":[{"name":"wp","href":"https:\/\/api.w.org\/{rel}","templated":true}]}}